base 9) to base 4.
-33
What is 10010001 (base 2) in base 4?
2101
What is 101 (base 2) in base 10?
5
Convert 1 (base 12) to base 4.
1
What is 10 (base 6) in base 5?
11
Convert -5 (base 12) to base 7.
-5
4 (base 6) to base 14
4
Convert -4 (base 13) to base 15.
-4
What is -5 (base 12) in base 4?
-11
What is -1022 (base 3) in base 7?
-50
What is -355 (base 6) in base 16?
-8f
What is -8 (base 12) in base 11?
-8
Convert 50 (base 14) to base 3.
2121
11 (base 8) to base 9
10
What is -10000110 (base 2) in base 13?
-a4
What is -34 (base 13) in base 8?
-53
What is -3 (base 5) in base 8?
-3
What is 1101 (base 2) in base 13?
10
Convert 2 (base 12) to base 4.
2
Convert 0 (base 9) to base 13.
0
What is 1 (base 11) in base 2?
1
Convert -6 (base 13) to base 5.
-11
Convert 110 (base 4) to base 6.
32
220 (base 4) to base 12
34
10 (base 7) to base 13
7
What is 8 (base 16) in base 9?
8
37 (base 10) to base 6
101
What is d5 (base 14) in base 11?
160
Convert -1 (base 13) to base 12.
-1
What is -11 (base 12) in base 13?
-10
110010 (base 2) to base 5
200
0 (base 5) to base 16
0
-11 (base 2) to base 6
-3
What is 310 (base 5) in base 13?
62
Convert 5 (base 7) to base 9.
5
What is a (base 14) in base 3?
101
Convert -5 (base 16) to base 13.
-5
What is 130 (base 4) in base 13?
22
-303 (base 7) to base 5
-1100
What is -212 (base 3) in base 14?
-19
Convert -6 (base 16) to base 4.
-12
Convert -5 (base 14) to base 6.
-5
-43 (base 10) to base 5
-133
What is 4 (base 13) in base 2?
100
-11 (base 4) to base 10
-5
-10 (base 5) to base 3
-12
What is 23 (base 5) in base 11?
12
-2 (base 7) to base 6
-2
What is 10 (base 6) in base 4?
12
Convert 10 (base 3) to base 12.
3
-5 (base 11) to base 12
-5
Convert -29 (base 11) to base 10.
-31
11 (base 3) to base 15
4
What is -100110 (base 3) in base 16?
-ff
What is -100100001 (base 2) in base 3?
-101201
20 (base 6) to base 14
c
3 (base 9) to base 8
3
14 (base 8) to base 12
10
Convert 12 (base 8) to base 5.
20
What is 11000100 (base 2) in base 9?
237
What is -13 (base 15) in base 5?
-33
What is -b8 (base 13) in base 9?
-177
Convert 100 (base 2) to base 4.
10
What is -13 (base 5) in base 6?
-12
What is 7 (base 14) in base 12?
7
112 (base 4) to base 16
16
9 (base 14) to base 13
9
What is -6 (base 7) in base 4?
-12
424 (base 5) to base 14
82
-1 (base 11) to base 9
-1
What is 24 (base 13) in base 11?
28
Convert 43 (base 9) to base 7.
54
What is 20 (base 9) in base 3?
200
Convert -2 (base 12) to base 8.
-2
1a (base 12) to base 4
112
4 (base 7) to base 12
4
Convert 10030 (base 4) to base 16.
10c
Convert 105 (base 6) to base 16.
29
Convert 0 (base 13) to base 14.
0
-11 (base 2) to base 10
-3
-3 (base 13) to base 3
-10
What is -63 (base 9) in base 12?
-49
Convert -11 (base 6) to base 4.
-13
0 (base 14) to base 4
0
4 (base 9) to base 11
4
-26 (base 9) to base 15
-19
Convert -11 (base 10) to base 7.
-14
What is 4 (base 12) in base 3?
11
What is -44 (base 5) in base 9?
-26
Convert 241 (base 5) to base 6.
155
What is -1 (base 16) in base 13?
-1
What is 30 (base 15) in base 14?
33
Convert -7 (base 14) to base 2.
-111
Convert -11111 (base 2) to base 15.
-21
What is -3 (base 11) in base 15?
-3
What is -96 (base 11) in base 3?
-10220
Convert 4 (base 15) to base 6.
4
Convert -1 (base 14) to base 8.
-1
Convert -25 (base 15) to base 7.
-50
Convert 0 (base 11) to base 12.
0
3 (base 7) to base 4
3
What is 1 (base 13) in base 6?
1
What is 11 (base 2) in base 13?
3
1001 (base 2) to base 4
21
0 (base 15) to base 7
0
What is 2 (base 16) in base 14?
2
1 (base 11) to base 8
1
-11 (base 2) to base 12
-3
What is -1011 (base 2) in base 11?
-10
Convert 1 (base 8) to base 5.
1
Convert 84 (base 9) to base 10.
76
5 (base 9) to base 5
10
Convert -2 (base 8) to base 10.
-2
Convert -2 (base 14) to base 4.
-2
What is 12 (base 3) in base 11?
5
What is 10 (base 2) in base 11?
2
Convert 100 (base 7) to base 3.
1211
What is -20 (base 3) in base 4?
-12
What is -1241 (base 5) in base 9?
-237
What is -225 (base 7) in base 16?
-75
What is -2 (base 14) in base 6?
-2
What is 2 (base 8) in base 13?
2
Convert -6a (base 15) to base 9.
-121
Convert 0 (base 10) to base 7.
0
What is -8 (base 9) in base 16?
-8
144 (base 10) to base 13
b1
Convert 100 (base 2) to base 14.
4
-61 (base 9) to base 16
-37
Convert 20 (base 3) to base 8.
6
What is 0 (base 2) in base 3?
0
What is 6 (base 10) in base 6?
10
Convert 0 (base 11) to base 15.
0
-322 (base 5) to base 16
-57
What is 0 (base 14) in base 12?
0
Convert -2 (base 5) to base 7.
-2
Convert 8 (base 13) to base 6.
12
32 (base 5) to base 12
15
-17 (base 11) to base 7
-24
What is 3d (base 16) in base 7?
115
What is 333 (base 5) in base 9?
113
Convert 111 (base 2) to base 13.
7
What is -1022 (base 5) in base 16?
-89
-56 (base 9) to base 13
-3c
12 (base 10) to base 13
c
What is -c (base 13) in base 2?
-1100
1 (base 16) to base 13
1
-3 (base 9) to base 12
-3
Convert -102 (base 4) to base 12.
-16
What is -1122 (base 3) in base 8?
-54
Convert 0 (base 14) to base 8.
0
-230 (base 4) to base 9
-48
Convert 40 (base 15) to base 3.
2020
7 (base 8) to base 16
7
Convert 423 (base 6) to base 2.
10011111
-33 (base 5) to base 15
-13
Convert 3131 (base 4) to base 12.
165
12 (base 5) to base 15
7
-104 (base 5) to base 11
-27
Convert 122 (base 6) to base 10.
50
Convert 0 (base 11) to base 13.
0
-22 (base 3) to base 15
-8
22 (base 3) to base 7
11
Convert -1003 (base 5) to base 12.
-a8
What is -2 (base 11) in base 4?
-2
4 (base 10) to base 4
10
What is -103 (base 5) in base 13?
-22
15 (base 15) to base 3
202
-2 (base 8) to base 15
-2
Convert 22 (base 14) to base 2.
11110
Convert 112 (base 4) to base 13.
19
422 (base 5) to base 10
112
What is 12 (base 6) in base 15?
8
-3 (base 12) to base 13
-3
Convert 5 (base 8) to base 6.
5
Convert 4 (base 10) to base 5.
4
What is 66 (base 13) in base 9?
103
What is -12 (base 10) in base 4?
-30
-1 (base 4) to base 11
-1
What is -145 (base 14) in base 2?
-100000001
Convert -14 (base 10) to base 15.
-e
Convert -110 (base 2) to base 5.
-11
-1 (base 8) to base 15
-1
Convert -12 (base 8) to base 3.
-101
15 (base 15) to base 10
20
What is 33 (base 10) in base 8?
41
0 (base 2) to base 6
0
Convert 21 (base 8) to base 9.
18
What is 3 (base 7) in base 15?
3
Convert -7 (base 10) to base 6.
-11
14 (base 9) to base 12
11
3 (base 9) to base 2
11
6 (base 11) to base 8
6
What is 25 (base 10) in base 13?
1c
What is 216 (base 9) in base 6?
453
What is 3 (base 14) in base 5?
3
What is -2 (base 5) in base 6?
-2
What is -53 (base 11) in base 13?
-46
Convert 2031 (base 4) to base 6.
353
61 (base 8) to base 10
49
100 (base 5) to base 9
27
-1 (base 8) to base 2
-1
-27 (base 10) to base 2
-11011
128 (base 11) to base 10
151
150 (base 12) to base 10
204
Convert -20 (base 10) to base 16.
-14
What is -32 (base 4) in base 11?
-13
-1a (base 16) to base 15
-1b
-2 (base 16) to base 6
-2
What is 244 (base 10) in base 14?
136
6 (base 14) to base 9
6
What is -213 (base 6) in base 13?
-63
What is -6 (base 16) in base 11?
-6
Convert 1022 (base 3) to base 8.
43
Convert 82 (base 11) to base 16.
5a
What is -22 (base 3) in base 4?
-20
Convert 2 (base 12) to base 2.
10
What is 3 (base 4) in base 3?
10
1 (base 12) to base 7
1
What is 10213 (base 4) in base 12?
207
Convert 33 (base 7) to base 4.
120
Convert -137 (base 16) to base 12.
-21b
What is 2 (base 16) in base 10?
2
7 (base 9) to base 14
7
-98 (base 11) to base 3
-10222
Convert 3 (base 10) to base 6.
3
Convert -115 (base 7) to base 2.
-111101
Convert 2 (base 12) to base 4.
2
-2 (base 8) to base 3
-2
What is -4 (base 7) in base 12?
-4
-15 (base 9) to base 3
-112
7 (base 8) to base 16
7
Convert -174 (base 12) to base 10.
-232
What is -226 (base 9) in base 4?
-2322
Convert 41 (base 8) to base 2.
100001
Convert -3 (base 12) to base 8.
-3
What is -27 (base 15) in base 14?
-29
Convert -14 (base 11) to base 6.
-23
Convert -3222 (base 4) to base 8.
-352
What is 4 (base 8) in base 13?
4
What is -32 (base 6) in base 7?
-26
Convert 4c (base 13) to base 9.
71
Convert 9 (base 11) to base 12.
9
-2 (base 15) to base 10
-2
0 (base 13) to base 4
0
What is -32 (base 4) in base 14?
-10
Convert 3 (base 13) to base 2.
11
Convert -38 (base 16) to base 2.
-111000
e (base 15) to base 9
15
62 (base 8) to base 4
302
What is b (base 12) in base 14?
b
-6 (